. Is h prime?
False
Let r = -31768 + 54111. Is r prime?
True
Let v(s) = -802*s - 350. Let u be v(33). Let b = u + 40959. Is b a composite number?
False
Suppose 0 = -3*q - a + 6*a - 6, 5*q + 2*a = 21. Suppose h - q*d = 2873, -h = h - 4*d - 5750. Is h prime?
True
Suppose -z = 5*i + 15296, 0 = -5*i + 4*z - 15534 + 243. Let t = -959 - i. Suppose -t + 16 = -4*s. Is s a composite number?
False
Let v = 61 - 57. Let z be (4 - -2) + v/(-1). Is 1011*z + 4 + -8 composite?
True
Let d = -239 - -236. Is 6/(-10) + d + (-161088)/(-30) a composite number?
True
Let y be (-27)/2*((-140)/3)/7. Let w be (84/8)/((-3)/(-64)). Let o = y + w. Is o composite?
True
Suppose 0 = 1661*b - 1634*b - 1323027. Is b composite?
True
Suppose -58023*m + 58041*m - 8431578 = 0. Is m a prime number?
True
Let c = 2070819 + -1296970. Is c a prime number?
True
Is 7734*97 + (-5*6/6)/(-1) composite?
False
Suppose -8347 = -j - 2928. Let o = j + -1776. Is o composite?
False
Is (0 - 1726622/(-10)) + -42 + (-6634)/(-155) composite?
False
Suppose 0 = -5*i + 2*i + 1686. Suppose -k + i = 3*v + 2*v, 10 = -5*v. Suppose 476 = 4*w - k. Is w a prime number?
False
Suppose g = 5*m + 13, 3*m = -g + 2*m + 1. Suppose 10601 = 5*o + g*y, -3*y - 1524 = -5*o + 9095. Is o a composite number?
True
Let n = -47525 + 81954. Is n composite?
False
Let j be 4/(48/(-614116)) - (-2)/6. Let i = -36225 - j. Is i composite?
False
Suppose -j = -2*y + 41, -j + 4*y + y - 53 = 0. Let m = -36 - j. Is (-1 - m)*(-3913)/(-14) a composite number?
True
Is 120460494/630 - 4/30 composite?
True
Suppose 20640244 = -96*z + 88004814 + 29618182. Is z prime?
True
Let r = 75864 + 15257. Is r a composite number?
False
Let x be (-6 - -4)/(1 + (-13)/11). Let g = 16 - x. Suppose -g*r = -5986 - 79. Is r prime?
True
Suppose 7*a - 4*a + 15 = 0, -a = -n + 841. Suppose 4*i + 1111 = -5*t, 3*t + 5*i - 172 = -n. Let c = t + 378. Is c prime?
False
Suppose 24 = -10*l + 8*l. Let t be (2 - 0)*((-6)/l + -1). Is -1*(t - 1) + (253 - 4) composite?
False
Let x = -56 - -54. Let y be 2 - (-5)/10 - (-1)/x. Suppose -3*k + y*k = -235. Is k a prime number?
False
Is 8 + 45081/6*2590/35 prime?
True
Suppose -16822106 = -132*j - 134*j. Is j composite?
False
Suppose -48*l + 28*l = -26*l + 1221294. Is l composite?
False
Let s(n) = 108*n - 3. Let u be (72/(-30))/(4/(-10)). Let h be s(u). Suppose 0 = 3*v - 0*v - h. Is v a prime number?
False
Let h(f) = -62 + 10 - f**2 + 6 - 1 + 20*f. Is h(14) a composite number?
False
Suppose 0 = -3*u - j + 186516, -291386 = -4*u + j - 42705. Is u a prime number?
True
Let g(x) = 3*x**2 - 17*x - 1. Let b(s) = s**2 - 8*s. Let u(n) = 13*b(n) - 6*g(n). Let t be u(-5). Let w = -32 - t. Is w prime?
False
Is (-14)/(-105)*3409125/50 a composite number?
False
Suppose 23*r + 135324 = 9*r. Let y = -1571 - r. Is y a prime number?
False
Let y = 1269050 + -752251. Is y a prime number?
False
Let k(s) = 316*s**2 + 208*s + 157. Is k(-24) prime?
False
Suppose 20467 + 592118 = 22*b - 45193. Is b composite?
True
Suppose -2*v = 5*h, -3*h - 2*h = -2*v. Suppose -501*q + 522*q = -42. Is 4/(q + h/(-2)) + 633 prime?
True
Suppose -2*i = -5*k - 11082, -4*i + 3*k = -3*i - 5543. Let o = i - -1940. Is o a composite number?
True
Let s(a) = -102*a - 24. Let d be s(-18). Suppose 5*r - 153 = d. Is r a prime number?
False
Let q(j) = j**3 - 3*j**2 + 2*j. Let s be q(1). Suppose s = -4*y + 4056 + 15320. Is (-1)/((12/y)/(-3)) prime?
False
Suppose -3926757 - 4869996 = 43*l - 214*l. Is l composite?
True
Let q be 3770/(-80) + 1/8. Let j = q - 30. Let f = j - -195. Is f prime?
False
Let y(t) = 200*t - 102. Is y(11) a prime number?
False
Let l be (-3)/(-9)*3 + 11 - 2. Suppose -6*m = -l*m + 4. Is (m - 3) + 117 + 3 composite?
True
Suppose 0 = -2*m + 6*m - 16. Suppose 2*y + 10 = 0, 31*a + m*y = 27*a + 6152. Is a prime?
True
Let c(y) = 16*y**3 - 40*y**2 - 128*y - 31. Is c(20) a composite number?
True
Let w = -38 - -53. Let g be (-5)/2*(-1278)/w. Let b = g - 146. Is b composite?
False
Let n be 2/(-1 - -11) + (-1566396)/(-195). Let g = n + -1134. Is g a composite number?
False
Let u(c) = 4*c - 6. Let n be u(2). Suppose -n*i = 4*z + 570, -4*z = -i - 358 + 67. Let p = -126 - i. Is p a prime number?
False
Let j = 1282603 + -715518. Is j a prime number?
False
Let t(z) = -z**2 + 5*z - 4. Let p be t(5). Is -45070*(p - -10)/(-12) a composite number?
True
Suppose -4*q + 3*h = -1266742 - 109002 - 271660, -2*h = 0. Is q prime?
False
Let f(x) be the first derivative of -x**4/2 - x**3/3 + 53*x**2/2 - 7*x + 169. Is f(-21) a composite number?
True
Let j(h) be the first derivative of -h**2/2 + 4*h - 26. Let u be j(5). Is ((-45)/(-10) + u)*3148/7 a prime number?
False
Let y be (9/6)/(7/14). Suppose y*g = 62213 - 15932. Is g composite?
False
Let y(f) = 2*f + 2 - 10 - 1 + 17*f**2. Suppose 6*h + 9 + 27 = 0. Is y(h) prime?
False
Suppose -z + y = -9, 13*z = 16*z - y - 33. Is 15013/((-9)/z - 49/(-28)) composite?
False
Suppose -13*y - 21680 + 309591 = 0. Is y composite?
False
Suppose 0 = 3*j - a - 80914, 10*j = 14*j + 2*a - 107862. Is j a prime number?
False
Suppose 0 = -5*b - 5, d - 529 = 3*d + 5*b. Let w = 1521 + d. Is w prime?
True
Let v be 4 + 7 + -5 + 3 + 2. Suppose 0 = v*n - 17*n + 35934. Is n a prime number?
False
Let n(j) = 50*j**3 + j**2 + 2*j - 4. Let k(p) be the third derivative of -p**4/8 - p**3 + 4*p**2. Let f be k(-3). Is n(f) a composite number?
False
Let f be -89438 - (-8 + 7 - (-3 - -1)). Let d = -51046 - f. Is d prime?
True
Let b(t) = -250433*t**3 - 3*t**2 - 18*t - 15. Is b(-1) composite?
False
Suppose -2*h + g = -33457, 0 = -142*h + 140*h + 3*g + 33455. Is h a composite number?
False
Let a = -221965 - -337166. Is a a prime number?
True
Let g = -353902 - -516369. Is g a composite number?
True
Let u(k) = k**3 - 11*k**2 + 12*k - 19. Let d be u(10). Suppose -d - 47 = 4*f. Is 393 + (-9)/((-27)/f) composite?
False
Suppose 8*m + 10 = 3*m, -7*c + 104 = -3*m. Is 59986/c - (890/70 - 13) a composite number?
True
Let m = -5 + 35. Let g be 6/m - 5864/(-5). Suppose -2*p + p = -3*c - 1177, -p + c = -g. Is p composite?
False
Let x(q) = 4067*q**3 + 8*q**2 - 30*q + 68. Is x(3) prime?
True
Suppose -41*c = -426 - 107. Suppose -14*v + 1657 = -c*v. Is v a composite number?
False
Suppose -273526 = -2*h - 4*f, -5*h + 223*f - 221*f = -683851. Is h prime?
True
Let p(h) = -411*h - 300. Let t be p(11). Let n = t + 7163. Is n composite?
True
Let d(v) = v**2 + 5. Let n be d(-6). Let i(o) = 235*o - 408. Is i(n) composite?
False
Suppose -2*p - 8 = -3*i, 0 = 5*p + 5*i - 7*i - 2. Is (-34912)/(-8) - ((p - 1) + -4) prime?
False
Suppose 0 = 5*g + 3*u - 16534, 0 = 3*g + u - 7662 - 2256. Is g composite?
True
Suppose -220 = -4*y - 212. Suppose 0*t = -3*t + 3, 3*t = -y*u + 13897. Is u a prime number?
True
Suppose 3*t + 13 = 2*t + 3*f, -4*t = 3*f - 23. Suppose -c + 3932 = 5*n, -5*n = -5*c + t*c - 3944. Is n a composite number?
False
Let n(g) = 2978*g + 50. Let c be n(5). Suppose 4*k - 4*h - c = 0, k + 4*h - 4567 + 822 = 0. Is k a composite number?
True
Let p be 6/(-2)*(-125)/75. Suppose u - 2897 = p*v, -2*u = -4*v - 106 - 2208. Is 26/(v/295 - -2) a composite number?
True
Let y = -59074 - -180771. Is y a prime number?
True
Let p = 41 + 10. Suppose p*v - 5 = 50*v. Suppose -4*m = -2*f - 2*m + 3800, -f + 1896 = -v*m. Is f a prime number?
True
Let p(a) be the second derivative of -151*a**3/6 - 40*a**2 - 4*a - 16. Let q = 17 - 24. Is p(q) a composite number?
False
Let f(t) = 68044*t**2 + 129*t + 618. Is f(-5) a prime number?
False
Suppose 5 = -22*n + 27*n. Is (n - -1510)/(-5 - -6) composite?
False
Let n be 19 - 15 - 2240/(-2). Suppose n*j + 3947 = 1125*j. Is j a prime number?
True
Is ((-2)/4)/(11/7319301)*(-8)/12 prime?
True
Let d(q) = -1415*q + 88. Let x(b) = -2*b - 2. Let f(o) = -d(o) - 6*x(o). Is f(7) a composite number?
True
Let a = -183 - -185. Is (4*(-3)/(-24))/(a/8812) a composite number?
False
Suppose 0 = -2*h + 3*x + 322078, -120*x = -2*h - 124*x + 322050. Is h prime?
True
Suppose -k = -7*t + 6966618, -k - 3980929 = -4*t + 4*k. Is t prime?
False
Is 6/11 + 26/66*190731 prime?
False
Let t(u) = 1201*u**3 - 16*u + 4. Let b be t(-9). Is b/(-143) - (-6)/(-11) a composite number?
False
Let k = 197709 + -103010. Is k a composite number?
True
Let q be (-29)/(-9) - 24/108. Suppose 5*n + 2*y - 15 = 0, 11 = 5*n + y - 4. Suppose n*r - 996 = 